{"id":15247,"date":"2023-10-26T05:33:26","date_gmt":"2023-10-26T05:33:26","guid":{"rendered":"https:\/\/france-gastronomie.shop\/produit\/stary-mimolette-12-mesicu\/"},"modified":"2025-09-17T11:00:58","modified_gmt":"2025-09-17T11:00:58","slug":"stary-mimolette-12-mesicu","status":"publish","type":"product","link":"https:\/\/france-gastronomie.shop\/cs\/produit\/stary-mimolette-12-mesicu\/","title":{"rendered":"Mimolette Star\u00fd <br\/> 12 m\u011bs\u00edc\u016f"},"content":{"rendered":"<h5>Mimolette Star\u00fd 12 m\u011bs\u00edc\u016f<\/h5>\n","protected":false},"excerpt":{"rendered":"<h5>Star\u00fd mimolette 12 m\u011bs\u00edc\u016f<\/h5>\n<p>Tento Mimolette Star\u00fd spl\u0148uje p\u0159\u00edsn\u00e1 v\u00fdrobn\u00ed krit\u00e9ria, d\u00edky nim\u017e m\u016f\u017ee hrd\u011b n\u00e9st ozna\u010den\u00ed Label Rouge, kter\u00e9 je z\u00e1rukou vynikaj\u00edc\u00ed kvality a optim\u00e1ln\u00edho po\u017eitku!<br \/>\nAbyste si Mimolette Star\u00fd a jeho v\u00fdraznou ovocnou chu\u0165 co nejl\u00e9pe vychutnali, nechte ho p\u0159ed konzumac\u00ed nejm\u00e9n\u011b 1 hodinu p\u0159i pokojov\u00e9 teplot\u011b.<br \/>\nJako aperitiv bude jeho oran\u017eov\u00e1 barva skv\u011ble vypadat v kostk\u00e1ch nebo na mal\u00fdch kanapk\u00e1ch. S\u00fdr lze tak\u00e9 na\u0159ezat na hoblinky a dodat tak barvu a chu\u0165 m\u00edchan\u00fdm sal\u00e1t\u016fm.<br \/>\nLze jej tak\u00e9 nastrouhat k zv\u00fdrazn\u011bn\u00ed chuti zeleninov\u00fdch gratinovan\u00fdch pokrm\u016f, sufl\u00e9 z listov\u00e9ho t\u011bsta, quiche a slan\u00fdch kol\u00e1\u010d\u016f.<\/p>\n<p><strong>Stejn\u011b jako u v\u0161ech s\u00fdr\u016f je d\u016fle\u017eit\u00e9 j\u00edst ho p\u0159i pokojov\u00e9 teplot\u011b, abyste ocenili v\u0161echny jeho chu\u0165ov\u00e9 nuance.<\/strong><\/p>\n<p>Oblast: Sever Francie, Lille<\/p>\n<p>Pasterizovan\u00e9 kravsk\u00e9 ml\u00e9ko<\/p>\n<p>Neva\u0159en\u00fd lisovan\u00fd s\u00fdr<\/p>\n<p>Alergeny: ml\u00e9ko<\/p>\n","protected":false},"featured_media":17226,"comment_status":"open","ping_status":"closed","template":"","meta":[],"product_brand":[],"product_cat":[777,642,446],"product_tag":[],"class_list":{"0":"post-15247","1":"product","2":"type-product","3":"status-publish","4":"has-post-thumbnail","6":"product_cat-cerstve-produkty","7":"product_cat-z-kravskeho-mleka","8":"product_cat-syry-cerstve-produkty","10":"first","11":"instock","12":"taxable","13":"shipping-taxable","14":"product-type-variable"},"jetpack_sharing_enabled":true,"_links":{"self":[{"href":"https:\/\/france-gastronomie.shop\/cs\/wp-json\/wp\/v2\/product\/15247","targetHints":{"allow":["GET"]}}],"collection":[{"href":"https:\/\/france-gastronomie.shop\/cs\/wp-json\/wp\/v2\/product"}],"about":[{"href":"https:\/\/france-gastronomie.shop\/cs\/wp-json\/wp\/v2\/types\/product"}],"replies":[{"embeddable":true,"href":"https:\/\/france-gastronomie.shop\/cs\/wp-json\/wp\/v2\/comments?post=15247"}],"wp:featuredmedia":[{"embeddable":true,"href":"https:\/\/france-gastronomie.shop\/cs\/wp-json\/wp\/v2\/media\/17226"}],"wp:attachment":[{"href":"https:\/\/france-gastronomie.shop\/cs\/wp-json\/wp\/v2\/media?parent=15247"}],"wp:term":[{"taxonomy":"product_brand","embeddable":true,"href":"https:\/\/france-gastronomie.shop\/cs\/wp-json\/wp\/v2\/product_brand?post=15247"},{"taxonomy":"product_cat","embeddable":true,"href":"https:\/\/france-gastronomie.shop\/cs\/wp-json\/wp\/v2\/product_cat?post=15247"},{"taxonomy":"product_tag","embeddable":true,"href":"https:\/\/france-gastronomie.shop\/cs\/wp-json\/wp\/v2\/product_tag?post=15247"}],"curies":[{"name":"wp","href":"https:\/\/api.w.org\/{rel}","templated":true}]}}

Mimolette Starý <br/> 12 měsíců

<h5>Mimolette Starý 12 měsíců</h5>

<h5>Starý mimolette 12 měsíců</h5>
<p>Tento Mimolette Starý splňuje přísná výrobní kritéria, díky nimž může hrdě nést označení Label Rouge, které je zárukou vynikající kvality a optimálního požitku!<br />
Abyste si Mimolette Starý a jeho výraznou ovocnou chuť co nejlépe vychutnali, nechte ho před konzumací nejméně 1 hodinu při pokojové teplotě.<br />
Jako aperitiv bude jeho oranžová barva skvěle vypadat v kostkách nebo na malých kanapkách. Sýr lze také nařezat na hoblinky a dodat tak barvu a chuť míchaným salátům.<br />
Lze jej také nastrouhat k zvýraznění chuti zeleninových gratinovaných pokrmů, suflé z listového těsta, quiche a slaných koláčů.</p>
<p><strong>Stejně jako u všech sýrů je důležité jíst ho při pokojové teplotě, abyste ocenili všechny jeho chuťové nuance.</strong></p>
<p>Oblast: Sever Francie, Lille</p>
<p>Pasterizované kravské mléko</p>
<p>Nevařený lisovaný sýr</p>
<p>Alergeny: mléko</p>
