{"id":1317,"date":"2020-08-18T10:02:24","date_gmt":"2020-08-18T10:02:24","guid":{"rendered":"https:\/\/france-gastronomie.shop\/produit\/domaine-le-mourre-chateauneuf-du-pape\/"},"modified":"2024-11-04T11:11:09","modified_gmt":"2024-11-04T11:11:09","slug":"domaine-le-mourre-chateauneuf-du-pape","status":"publish","type":"product","link":"https:\/\/france-gastronomie.shop\/cs\/produit\/domaine-le-mourre-chateauneuf-du-pape\/","title":{"rendered":"Domaine Le Mourre <br\/> Ch\u00e2teauneuf du Pape"},"content":{"rendered":"<h5>Domaine Le Mourre<\/h5>\n<h5>AOC Ch\u00e2teauneuf du Pape<\/h5>\n<p>Domaine Le Mourre z\u00edskala sv\u00e9 jm\u00e9no z provens\u00e1lsk\u00e9ho \u00ab Lou Mourre \u00bb, co\u017e znamen\u00e1 mal\u00fd kopec. Vinice na tomto pozemku po generace obhospoda\u0159ovala vina\u0159sk\u00e1 rodina, je\u017e je jejich majitelem. M\u016f\u017eeme tady naj\u00edt tak\u00e9 stopy prvn\u00edch roln\u00edk\u016f z Vaucluse z d\u00e1vn\u00fdch neolit\u016f (5000 p\u0159.nl). Ve skute\u010dnosti byly objeveny kamenn\u00e9 lomy k\u0159emene (symbol t\u00e9to oblasti zn\u00e1m\u00e9 jako Ch\u00e2teauneuf-du-Pape),<br \/>\njako\u017e i \u00falomky srpu a ml\u00fdnku, zn\u00e1mky vznikaj\u00edc\u00ed zem\u011bd\u011blsk\u00e9 \u010dinnosti. V\u00fdhodou je ide\u00e1ln\u00ed ji\u017en\u00ed expozice pro zralost hrozn\u016f, kter\u00e9 tak poskytuj\u00ed v\u00edna, kter\u00e1 kombinuj\u00ed kulatost a aromatickou slo\u017eitost.<\/p>\n<p>P\u016fvod &#8211; poloha<br \/>\nP\u00edse\u010dn\u00e9 podlo\u017e\u00ed s ov\u00e1ln\u00fdmi obl\u00e1zky<\/p>\n<p>Vinifikace<br \/>\nPo obr\u00e1n\u00ed jsou hrozny nalo\u017eeny 28 dn\u00ed, pak jsou odebr\u00e1ny, slisov\u00e1ny a p\u0159e\u010derp\u00e1ny.<br \/>\nTeplota kva\u0161en\u00ed 27 a\u017e 30\u00b0 C.<\/p>\n<p>Zr\u00e1n\u00ed<br \/>\n10 a\u017e 12 m\u011bs\u00edc\u016f v n\u00e1dr\u017ei<\/p>\n<p>Odr\u016fda<br \/>\nGrenache 100%<\/p>\n<p>Chu\u0165ov\u00e9 pozn\u00e1mky od na\u0161eho enologa<br \/>\nToto v\u00edno m\u00e1 jasnou \u010derveno-gran\u00e1tovou barvu. Intenzivn\u00ed a \u010derstv\u00e1 v\u016fn\u011b \u010derven\u00e9ho ovoce a ko\u0159en\u00ed typick\u00e9ho pro Grenache. Hezky objemn\u00e1 chut s jemn\u00fdmi rozpl\u00fdvaj\u00edc\u00edmi se t\u0159\u00edslovinami, hezk\u00e9 zakulacen\u00ed a cukernatost. P\u0159\u00edjemn\u00e1 aromatick\u00e1 d\u00e9lku.<\/p>\n<p>St\u00e1\u010deno do lahv\u00ed<br \/>\nVe vina\u0159stv\u00ed<\/p>\n<p>Rady k degustaci<br \/>\nUchov\u00e1vat: 5 -8 let. 16\u00b0-18\u00b0C<\/p>\n<p>Doporu\u010den\u00ed<br \/>\nHod\u00ed se k om\u00e1\u010dk\u00e1m, grilovan\u00e9mu masu, zv\u011b\u0159in\u011b a s\u00fdr\u016fm.<\/p>\n<p>Ro\u010dn\u00edk 2012<br \/>\nZlat\u00e1 Medaile F\u00e9minalise 2013<br \/>\nBronzov\u00e1 Medaile Vinsobres 2013<\/p>\n","protected":false},"excerpt":{"rendered":"<h5>AOC Ch\u00e2teauneuf du Pape<\/h5>\n<p>V roce 1925 se spojila skupina vina\u0159\u016f p\u0159esv\u011bd\u010den\u00fdch o hodnot\u00e1ch solidarity a vz\u00e1jemn\u00e9 pomoci. O jeden\u00e1ct let pozd\u011bji se tito vizion\u00e1\u0159\u0161t\u00ed vina\u0159i pod\u00edleli na vytvo\u0159en\u00ed prvn\u00ed apelace ve Francii: CH\u00c2TEAUNEUF-DU-PAPE.<br \/>\n189 vina\u0159\u016f z CELLIER DES PRINCES, kte\u0159\u00ed byli na po\u010d\u00e1tku sjednoceni, je hrd\u00fdch na to, \u017ee mohou sv\u00e1 v\u00edna prod\u00e1vat na v\u0161ech p\u011bti kontinentech a p\u0159ed\u00e1vat sv\u00e9 hodnoty, jako je pohostinnost a dokonalost.<\/p>\n<p>Odr\u016fda<br \/>\nGrenache 100%<\/p>\n","protected":false},"featured_media":1314,"comment_status":"closed","ping_status":"closed","template":"","meta":[],"product_brand":[],"product_cat":[383,389,394,435,436,385,388],"product_tag":[],"class_list":{"0":"post-1317","1":"product","2":"type-product","3":"status-publish","4":"has-post-thumbnail","6":"product_cat-vina","7":"product_cat-spickova-vina","8":"product_cat-regiony","9":"product_cat-vallee-du-rhone-cs","10":"product_cat-chateauneuf-du-pape-cs","11":"product_cat-barva","12":"product_cat-cervena-vina","14":"first","15":"instock","16":"taxable","17":"shipping-taxable","18":"purchasable","19":"product-type-simple"},"jetpack_sharing_enabled":true,"_links":{"self":[{"href":"https:\/\/france-gastronomie.shop\/cs\/wp-json\/wp\/v2\/product\/1317","targetHints":{"allow":["GET"]}}],"collection":[{"href":"https:\/\/france-gastronomie.shop\/cs\/wp-json\/wp\/v2\/product"}],"about":[{"href":"https:\/\/france-gastronomie.shop\/cs\/wp-json\/wp\/v2\/types\/product"}],"replies":[{"embeddable":true,"href":"https:\/\/france-gastronomie.shop\/cs\/wp-json\/wp\/v2\/comments?post=1317"}],"wp:featuredmedia":[{"embeddable":true,"href":"https:\/\/france-gastronomie.shop\/cs\/wp-json\/wp\/v2\/media\/1314"}],"wp:attachment":[{"href":"https:\/\/france-gastronomie.shop\/cs\/wp-json\/wp\/v2\/media?parent=1317"}],"wp:term":[{"taxonomy":"product_brand","embeddable":true,"href":"https:\/\/france-gastronomie.shop\/cs\/wp-json\/wp\/v2\/product_brand?post=1317"},{"taxonomy":"product_cat","embeddable":true,"href":"https:\/\/france-gastronomie.shop\/cs\/wp-json\/wp\/v2\/product_cat?post=1317"},{"taxonomy":"product_tag","embeddable":true,"href":"https:\/\/france-gastronomie.shop\/cs\/wp-json\/wp\/v2\/product_tag?post=1317"}],"curies":[{"name":"wp","href":"https:\/\/api.w.org\/{rel}","templated":true}]}}

Domaine Le Mourre <br/> Châteauneuf du Pape

<h5>Domaine Le Mourre</h5>
<h5>AOC Châteauneuf du Pape</h5>
<p>Domaine Le Mourre získala své jméno z provensálského « Lou Mourre », což znamená malý kopec. Vinice na tomto pozemku po generace obhospodařovala vinařská rodina, jež je jejich majitelem. Můžeme tady najít také stopy prvních rolníků z Vaucluse z dávných neolitů (5000 př.nl). Ve skutečnosti byly objeveny kamenné lomy křemene (symbol této oblasti známé jako Châteauneuf-du-Pape),<br />
jakož i úlomky srpu a mlýnku, známky vznikající zemědělské činnosti. Výhodou je ideální jižní expozice pro zralost hroznů, které tak poskytují vína, která kombinují kulatost a aromatickou složitost.</p>
<p>Původ &#8211; poloha<br />
Písečné podloží s oválnými oblázky</p>
<p>Vinifikace<br />
Po obrání jsou hrozny naloženy 28 dní, pak jsou odebrány, slisovány a přečerpány.<br />
Teplota kvašení 27 až 30° C.</p>
<p>Zrání<br />
10 až 12 měsíců v nádrži</p>
<p>Odrůda<br />
Grenache 100%</p>
<p>Chuťové poznámky od našeho enologa<br />
Toto víno má jasnou červeno-granátovou barvu. Intenzivní a čerstvá vůně červeného ovoce a koření typického pro Grenache. Hezky objemná chut s jemnými rozplývajícími se tříslovinami, hezké zakulacení a cukernatost. Příjemná aromatická délku.</p>
<p>Stáčeno do lahví<br />
Ve vinařství</p>
<p>Rady k degustaci<br />
Uchovávat: 5 -8 let. 16°-18°C</p>
<p>Doporučení<br />
Hodí se k omáčkám, grilovanému masu, zvěřině a sýrům.</p>
<p>Ročník 2012<br />
Zlatá Medaile Féminalise 2013<br />
Bronzová Medaile Vinsobres 2013</p>

<h5>AOC Châteauneuf du Pape</h5>
<p>V roce 1925 se spojila skupina vinařů přesvědčených o hodnotách solidarity a vzájemné pomoci. O jedenáct let později se tito vizionářští vinaři podíleli na vytvoření první apelace ve Francii: CHÂTEAUNEUF-DU-PAPE.<br />
189 vinařů z CELLIER DES PRINCES, kteří byli na počátku sjednoceni, je hrdých na to, že mohou svá vína prodávat na všech pěti kontinentech a předávat své hodnoty, jako je pohostinnost a dokonalost.</p>
<p>Odrůda<br />
Grenache 100%</p>
