{"id":12720,"date":"2021-10-29T04:59:29","date_gmt":"2021-10-29T04:59:29","guid":{"rendered":"https:\/\/france-gastronomie.shop\/produit\/jean-francois-protheau-bourgogne-hautes-cotes-de-nuits\/"},"modified":"2025-11-22T15:51:36","modified_gmt":"2025-11-22T15:51:36","slug":"jean-francois-protheau-bourgogne-hautes-cotes-de-nuits","status":"publish","type":"product","link":"https:\/\/france-gastronomie.shop\/cs\/produit\/jean-francois-protheau-bourgogne-hautes-cotes-de-nuits\/","title":{"rendered":"Bourgogne Hautes-C\u00f4tes-de-Nuits <br\/> JF Protheau 2023"},"content":{"rendered":"<h5>Jean-Francois Protheau<br \/>\nAOP Bourgogne Hautes-C\u00f4tes-de-Nuits<\/h5>\n<p>Odr\u016fdy<br \/>\nPinot Noir<\/p>\n<p>Zem\u011bpisn\u00e1 poloha<br \/>\nBourgogne Hautes-C\u00f4tes-de-Nuits se rozkl\u00e1d\u00e1 na z\u00e1pad\u011b nad C\u00f4te de Nuits, od Cortonsk\u00e9ho lesa a\u017e po vrcholky Gevrey-Chambertin. Vinice se nach\u00e1z\u00ed v nadmo\u0159sk\u00e9 v\u00fd\u0161ce 300 a\u017e 400 metr\u016f.<\/p>\n<p>Vinifikace<br \/>\nKlasick\u00e1 vinifikace v k\u00e1d\u00edch z nerezov\u00e9 oceli s kontrolovanou teplotou po dobu p\u0159ibli\u017en\u011b 3 t\u00fddn\u016f: studen\u00e1 macerace p\u0159ed kva\u0161en\u00edm p\u0159i teplot\u011b kolem 8 \u00b0C.<br \/>\nPik\u00e1\u017e a p\u0159e\u010derp\u00e1v\u00e1n\u00ed pro z\u00edsk\u00e1n\u00ed barvy a struktury.<br \/>\nKva\u0161en\u00ed s teplotn\u00edm vrcholem kolem 30 \u00b0C.<br \/>\nPostfermenta\u010dn\u00ed macerace p\u0159i 25 \u00b0C.<br \/>\nZr\u00e1n\u00ed v sudech (30 %) a tanc\u00edch (70 %) po dobu 8 a\u017e 16 m\u011bs\u00edc\u016f s malolaktick\u00fdm kva\u0161en\u00edm. 25 % nov\u00fdch sud\u016f.<\/p>\n<p>P\u016fda<br \/>\nJ\u00edlovito-v\u00e1pencov\u00e9 p\u016fdy, kter\u00e9 vznikly p\u0159em\u011bnou v\u00e1penc\u016f a sl\u00edn\u016f.<\/p>\n<p>Smyslov\u00e9 vlastnosti<br \/>\nBarva: z\u00e1\u0159iv\u00e1 barva s rub\u00ednov\u00fdmi odlesky.<br \/>\nV\u016fn\u011b: gurm\u00e1nsk\u00e1 v\u016fn\u011b \u010derven\u00e9ho ovoce a ko\u0159en\u00ed.<br \/>\nChu\u0165: jemn\u00e1 a parf\u00e9movan\u00e1 chu\u0165 podpo\u0159en\u00e1 jemn\u00fdmi t\u0159\u00edslovinami. Vyv\u00e1\u017een\u00e1 a pln\u00e1, s kr\u00e1snou aromatickou intenzitou a sv\u011b\u017e\u00edm z\u00e1v\u011brem.<\/p>\n<p>Doporu\u010den\u00ed<br \/>\nKulat\u00e9 v\u00edno, ide\u00e1ln\u00ed k b\u00edl\u00fdm mas\u016fm, jako je kr\u00e1l\u00edk, ale tak\u00e9 jehn\u011b\u010d\u00ed a kachna, a ke grilovan\u00fdm mas\u016fm. P\u0159ekvap\u00ed ke slan\u00fdm\/sladk\u00fdm nebo m\u00edrn\u011b ko\u0159en\u011bn\u00fdm pokrm\u016fm (kachna s pomeran\u010dem, tajiny&#8230;). St\u0159edn\u011b siln\u00e9 s\u00fdry: Camembert, Saint Paulin, Morbier, Reblochon&#8230;<\/p>\n<p>Teplota pod\u00e1v\u00e1n\u00ed: 14-16 \u00b0C.<\/p>\n<p>Obsah alkoholu: 13<br \/>\nSkladovatelnost: Vyp\u00edt do 3 let.<br \/>\nKyselost: 0<\/p>\n","protected":false},"excerpt":{"rendered":"<h5>Jean-Francois Protheau<br \/>\nAOP Bourgogne Hautes-C\u00f4tes-de-Nuits<\/h5>\n<p>V\u00a0roce 1720 za\u010dala rodina Protheau, majitel\u00e9 Ch\u00e2teau d&#8217;Etroyes, p\u011bstovat r\u00e9vu na p\u016fd\u011b v oblasti Mercurey. Od t\u011bchto let se panstv\u00ed za\u010dalo roz\u0161i\u0159ovat z generace na generaci.<\/p>\n<p>Jedine\u010dn\u00fd podpis<br \/>\nNa\u0161e v\u00edna jsou vyrobena z toho nejlep\u0161\u00edho z jednotliv\u00fdch terroir na vinici, od Chablis po Beaujolais crus, p\u0159es C\u00f4te de Nuits, C\u00f4te de Beaune, C\u00f4te Ch\u00e2lonnaise a M\u00e2connais, nab\u00edzej\u00ed nejlep\u0161\u00ed vlastnosti charakteristick\u00fdch odr\u016fd vinice:<br \/>\nPinot Noir, Chardonnay a Gamay.<\/p>\n","protected":false},"featured_media":12716,"comment_status":"open","ping_status":"closed","template":"","meta":[],"product_brand":[],"product_cat":[383,394,420,385,388],"product_tag":[],"class_list":{"0":"post-12720","1":"product","2":"type-product","3":"status-publish","4":"has-post-thumbnail","6":"product_cat-vina","7":"product_cat-regiony","8":"product_cat-bourgogne-cs","9":"product_cat-barva","10":"product_cat-cervena-vina","12":"first","13":"instock","14":"taxable","15":"shipping-taxable","16":"purchasable","17":"product-type-simple"},"jetpack_sharing_enabled":true,"_links":{"self":[{"href":"https:\/\/france-gastronomie.shop\/cs\/wp-json\/wp\/v2\/product\/12720","targetHints":{"allow":["GET"]}}],"collection":[{"href":"https:\/\/france-gastronomie.shop\/cs\/wp-json\/wp\/v2\/product"}],"about":[{"href":"https:\/\/france-gastronomie.shop\/cs\/wp-json\/wp\/v2\/types\/product"}],"replies":[{"embeddable":true,"href":"https:\/\/france-gastronomie.shop\/cs\/wp-json\/wp\/v2\/comments?post=12720"}],"wp:featuredmedia":[{"embeddable":true,"href":"https:\/\/france-gastronomie.shop\/cs\/wp-json\/wp\/v2\/media\/12716"}],"wp:attachment":[{"href":"https:\/\/france-gastronomie.shop\/cs\/wp-json\/wp\/v2\/media?parent=12720"}],"wp:term":[{"taxonomy":"product_brand","embeddable":true,"href":"https:\/\/france-gastronomie.shop\/cs\/wp-json\/wp\/v2\/product_brand?post=12720"},{"taxonomy":"product_cat","embeddable":true,"href":"https:\/\/france-gastronomie.shop\/cs\/wp-json\/wp\/v2\/product_cat?post=12720"},{"taxonomy":"product_tag","embeddable":true,"href":"https:\/\/france-gastronomie.shop\/cs\/wp-json\/wp\/v2\/product_tag?post=12720"}],"curies":[{"name":"wp","href":"https:\/\/api.w.org\/{rel}","templated":true}]}}

Bourgogne Hautes-Côtes-de-Nuits <br/> JF Protheau 2023

<h5>Jean-Francois Protheau<br />
AOP Bourgogne Hautes-Côtes-de-Nuits</h5>
<p>Odrůdy<br />
Pinot Noir</p>
<p>Zeměpisná poloha<br />
Bourgogne Hautes-Côtes-de-Nuits se rozkládá na západě nad Côte de Nuits, od Cortonského lesa až po vrcholky Gevrey-Chambertin. Vinice se nachází v nadmořské výšce 300 až 400 metrů.</p>
<p>Vinifikace<br />
Klasická vinifikace v kádích z nerezové oceli s kontrolovanou teplotou po dobu přibližně 3 týdnů: studená macerace před kvašením při teplotě kolem 8 °C.<br />
Pikáž a přečerpávání pro získání barvy a struktury.<br />
Kvašení s teplotním vrcholem kolem 30 °C.<br />
Postfermentační macerace při 25 °C.<br />
Zrání v sudech (30 %) a tancích (70 %) po dobu 8 až 16 měsíců s malolaktickým kvašením. 25 % nových sudů.</p>
<p>Půda<br />
Jílovito-vápencové půdy, které vznikly přeměnou vápenců a slínů.</p>
<p>Smyslové vlastnosti<br />
Barva: zářivá barva s rubínovými odlesky.<br />
Vůně: gurmánská vůně červeného ovoce a koření.<br />
Chuť: jemná a parfémovaná chuť podpořená jemnými tříslovinami. Vyvážená a plná, s krásnou aromatickou intenzitou a svěžím závěrem.</p>
<p>Doporučení<br />
Kulaté víno, ideální k bílým masům, jako je králík, ale také jehněčí a kachna, a ke grilovaným masům. Překvapí ke slaným/sladkým nebo mírně kořeněným pokrmům (kachna s pomerančem, tajiny&#8230;). Středně silné sýry: Camembert, Saint Paulin, Morbier, Reblochon&#8230;</p>
<p>Teplota podávání: 14-16 °C.</p>
<p>Obsah alkoholu: 13<br />
Skladovatelnost: Vypít do 3 let.<br />
Kyselost: 0</p>

<h5>Jean-Francois Protheau<br />
AOP Bourgogne Hautes-Côtes-de-Nuits</h5>
<p>V roce 1720 začala rodina Protheau, majitelé Château d&#8217;Etroyes, pěstovat révu na půdě v oblasti Mercurey. Od těchto let se panství začalo rozšiřovat z generace na generaci.</p>
<p>Jedinečný podpis<br />
Naše vína jsou vyrobena z toho nejlepšího z jednotlivých terroir na vinici, od Chablis po Beaujolais crus, přes Côte de Nuits, Côte de Beaune, Côte Châlonnaise a Mâconnais, nabízejí nejlepší vlastnosti charakteristických odrůd vinice:<br />
Pinot Noir, Chardonnay a Gamay.</p>
